5 - -2663. Give u(n).
7
Let o(w) = -8 - 1991*w**3 + 14*w + 1990*w**3 + w + 14*w**2. Give o(15).
-8
Let t(h) be the second derivative of 19*h**3/6 + h**2/2 + 5*h + 47. Determine t(2).
39
Let v(r) = 4*r**2 - r**3 + 3*r - 6*r + 2*r. Give v(3).
6
Let v be -6 - -4 - (3 + 1). Let u(r) = -2*r**3 - 17*r**2 + 12*r - 9. Let t(q) = q**3 + 9*q**2 - 6*q + 5. Let s(i) = 7*t(i) + 4*u(i). Determine s(v).
-1
Let j(y) = 4*y - 2*y - 3*y - 3. Suppose d - 4 = -3*d. Let g = d + -4. Determine j(g).
0
Let v(c) = 3*c + 17. Let t(o) = -17*o - 86. Let l(s) = 2*t(s) + 11*v(s). Determine l(19).
-4
Let u(f) = 3*f + 24. Suppose -4*r - 40 = -w, -2*r - 8*w + 9*w - 18 = 0. Determine u(r).
-9
Suppose d + 2*u = 12, 4 = d - 2*u - 4. Suppose 0 = -5*i - 2*f + d, -5*i - f + 6 = -4. Let k(s) = 4*s - 4 - 2*s + 3 - 2*s**2. Determine k(i).
-5
Let q(i) = -580*i + 23 + 299*i + 289*i. Calculate q(-3).
-1
Let z(l) = -l**2 + 5*l + 7. Let i be z(6). Let f(m) = 10*m**2 + 35*m - 37*m + 13*m**3 + 1 - 8*m**2. Give f(i).
14
Suppose 0 = -u - 11 - 111. Let s = u + 119. Let k(w) = -w**2 - 5*w - 2. What is k(s)?
4
Let q(s) = -s. Let a(w) = -2. Suppose 2*d + 2 = 4*x, -d - 4*x + 4 + 1 = 0. Let j(f) = d*a(f) + q(f). What is j(3)?
-5
Suppose 5*t + p - 24 = 0, 0*t - 12 = -3*t - 3*p. Suppose -2 = 2*g + 2, t*l = -g + 18. Let n(v) = l*v**2 + 2*v**3 - 2 - 3*v**3 + 48*v - 49*v. Calculate n(2).
4
Let o = 8 - 8. Suppose -s - z + o = -2, 0 = 5*s - z - 16. Let y(r) = 2*r - r - 3 - r**s + 2*r**2 + r. Give y(2).
1
Let v be (0 + -2 - (7 + -6))/1. Let w(a) = 2*a + 2. Calculate w(v).
-4
Let d(t) = 7*t + 102. Let j be d(-14). Let r(v) be the second derivative of 0 + j*v**2 + 7*v + 1/12*v**4 - 1/6*v**3. Determine r(0).
8
Let i(j) = j**3 - 16*j**2 + 15*j - 1. Suppose 13*f + 83 = 5*u + 17*f, 3*f = 6. Give i(u).
-1
Let p = -9 + 13. Let k(r) = r**2 - 8 + p + 7 - 1. Give k(-2).
6
Let x(a) = 25416*a + 1 + 2 + 4 - 4 - 25417*a. Let w(o) = o**3 + 5*o**2 - o - 5. Let q be w(-5). Give x(q).
3
Let j(n) = -n**3 + 4*n**2 - 3*n + 1. Let r(k) = 4*k + 1. Let p be r(-1). Let u = p + 28. Suppose 2 = 26*f - u*f. Give j(f).
3
Let q(t) = -t**2 + 9*t - 8. Let a be q(8). Let v(c) = -c + 14. Let s(r) be the first derivative of -3*r**2 + 70*r + 5. Let g(h) = -2*s(h) + 11*v(h). Give g(a).
14
Suppose 0 = 3*m + 3*c + 30, 3*c - 62 = 3*m - 2*c. Let v = m + 11. Let p(x) be the second derivative of x**3/6 + 7*x**2/2 + 8*x. Determine p(v).
4
Suppose -3*b + 3*f - 21 = 0, 4*b - f + 11 = -8. Let l(h) be the second derivative of h**5/20 + h**4/6 - 5*h**3/6 - 3*h**2/2 + 21*h. Calculate l(b).
-15
Let s(k) = 32*k. Let m = 81 + -69. Suppose -m + 13 = -c. Give s(c).
-32
Let c = 14 + -10. Let f(j) = -j. Let a(t) = t**2 - t + 1. Let u(n) = a(n) + 3*f(n). What is u(c)?
1
Let z = -503 - -506. Let l(s) = -9*s + 4. Determine l(z).
-23
Suppose 0 = 2*x - 3 - 11. Let p(j) be the third derivative of -j**6/120 + j**5/10 + 5*j**4/24 - j**3/3 + 71*j**2 + 3*j - 3. Give p(x).
-16
Let u(g) be the first derivative of g**4/4 - 4*g**3/3 + g**2 + 2*g + 133. Calculate u(3).
-1
Let a(y) = -1 - 85*y**3 + 86*y**3 - 51*y + y**2 + 50*y. Let x = -1 - 2. Give a(x).
-16
Let k(a) = 11*a**3 - 10*a**2 + 16*a + 31. Let s(v) = 7*v**3 - 7*v**2 + 11*v + 20. Let j(n) = -5*k(n) + 8*s(n). Calculate j(4).
5
Let o(r) = 2*r**3 + 24*r**2 + 25*r + 37. Let l be o(-11). Let h(g) be the third derivative of g**6/120 - g**5/20 - 5*g**4/24 + g**3/6 - g**2. What is h(l)?
-3
Let z(c) = 5*c**3 - c + 2. Let a be z(1). Suppose -5*o + 3*o - a = 0. Let b(s) = -s**3 - 2*s**2 + 2*s + 2. Give b(o).
5
Let g(x) be the first derivative of -3*x**2/2 - 8*x - 12. Give g(-6).
10
Let r(u) = -u**2 + 5*u + 3. Suppose -110 = -9*k - 29. Give r(k).
-33
Let u(s) = -2*s. Let i be u(-2). Let w(y) be the first derivative of -5*y**2/2 + y - 21. Calculate w(i).
-19
Let s(p) be the first derivative of p**2/2 - 7*p + 17. What is s(5)?
-2
Let a(z) be the first derivative of -z**5/4 + z**4/6 + z**3/6 + 27*z + 30. Let x(d) be the first derivative of a(d). What is x(-1)?
6
Let l be ((-76)/(-12) + -7)*-9. Let x(w) = -2*w + 10. Calculate x(l).
-2
Let s(o) = -7 - 9*o + 10*o - 10 - 2*o. Give s(-10).
-7
Suppose -6 = 8*b - 38. Suppose 3*d = -3*m - 6, -d + 9 + b = -4*m. Let l(k) = -k - 1. Let i(z) = z - 6. Let s(v) = i(v) - 5*l(v). Calculate s(d).
5
Suppose -7 + 3 = 2*u, 4*k + 18 = -3*u. Let i = 120 - 144. Let f be (i/(-3) - -1) + k. Let a(r) = 2*r - 6. Give a(f).
6
Let r(g) = -g**3 - g**2 + g. Suppose -1 - 12 = j - 5*s, -4*j - 3*s = -17. Determine r(j).
-10
Let n(q) = q**3 - 8*q**2 - 9*q + 6. Let r(l) = -7*l**3 + 4*l + 1. Let a be r(2). Let f be 3/((-30)/4) + a/(-5). Determine n(f).
6
Let b(g) = g**3 + 4*g**2 - 4*g + 8. Let z = 160 + -165. Calculate b(z).
3
Let l(z) = -2*z + 3. Let d = 9 + -7. Suppose j + 4*o = -4*j + 14, -13 = -5*j - 3*o. Suppose 2*k + 17 = 2*u - 1, -3*u = j*k - d. Calculate l(u).
-5
Let s(g) = 4*g**2 + 48*g - 1. Let r be s(-12). Let t(w) = 8*w. Calculate t(r).
-8
Suppose 0 = -t + 5*t + 24. Let w(l) be the third derivative of l**6/120 + l**5/12 - 5*l**4/12 - 7*l**3/6 + 78*l**2. Determine w(t).
17
Suppose -17 = 27*y + 10. Let v(g) = -g**2 - 5*g + 3. Let m be v(-5). Let d(w) = w + 2*w**m + 0*w + 1 - w**2 - 16*w**3. Give d(y).
13
Let m(y) = -7 + y**3 + 2*y - 8*y**3 + 1 - 6*y**2 + 0*y**3. Let s(q) = -3*q**3 - 3*q**2 + q - 3. Let k(z) = 2*m(z) - 5*s(z). What is k(-4)?
-9
Let h(m) = m**3 + m - 1. Let d = 8 + 0. Suppose 2 + d = 2*u. Suppose -6*z + u*z = 0. Give h(z).
-1
Let k(z) = -3*z**2 - 3 + 4 + 0*z**2 - 5*z + 4*z. Calculate k(2).
-13
Suppose 3*x = -s + 22, -67*s - 10 = -x - 70*s. Let h(q) = 3*q + 3. Let c(y) = -5*y - 6. Let o(g) = -6*c(g) - 11*h(g). Calculate o(x).
-18
Let x be (-30)/5*2/(-6). Let r(l) be the second derivative of -l**4/4 - l**3/6 + l**2/2 - 2*l + 12. Calculate r(x).
-13
Let z(h) be the first derivative of -1/12*h**4 - 7 - 5/2*h**2 - 7/6*h**3 - 2*h. Let w(b) be the first derivative of z(b). Determine w(-5).
5
Let y(i) = 3 + 2 - 48*i + 47*i + 0. Determine y(3).
2
Let x(m) be the third derivative of m**4/24 + m**3/3 - 66*m**2. Determine x(-2).
0
Let v(p) = -p**2 + 4*p + 2. Let r(y) = -2*y**2 + 22*y + 58. Let f be r(13). Give v(f).
-10
Suppose -18 = -3*q - 0. Let d(y) = -y**2 + 7*y - 3. Let c be d(q). Suppose 2*j = w - 10, c*w = 5*j - 11 + 38. Let v(i) = -i**2 - 5*i. Give v(j).
6
Let j(f) = -f**2 - 3*f + 3. Suppose -2*g + 4*g = -n + 47, 0 = 3*g - 3*n - 93. Let o = g - 29. Determine j(o).
3
Let c = 21 + -18. Let m(w) = 0*w**2 - w**2 + 0*w - 2*w + 2*w**2 - c. What is m(-2)?
5
Let v(g) = -g**2 - 13*g - 28. Let l = 34 + -44. Let t be v(l). Let k(j) = 10*j - 3. What is k(t)?
17
Let q(o) = -3*o - 2. Let g = -144 - -158. Suppose -i - 4 = -3*m - g, 5*i + 10 = 3*m. Calculate q(i).
13
Let i(l) = -l**3 - 5. Let x(w) = -w**2 + 16*w - 27. Let n be x(14). Let y be n*(2 - 5) - -3. Determine i(y).
-5
Let n(k) be the third derivative of -k**4/6 - 19*k**3/6 + 113*k**2. Calculate n(-8).
13
Let x be (-3)/(-12) - 495/(-20). Let o = x - 23. Let c(k) = k**3 - 2*k**2 - 2*k + 3. What is c(o)?
-1
Let j = -280 + 279. Let h(i) = 7*i. Calculate h(j).
-7
Let y(k) = -k**2 + 8*k - 6. Let l(s) = -3*s**2 - 20*s - 6. Let v be l(-6). Give y(v).
6
Let f = -3 + 12. Let m(t) = t**3 - 4*t**2 + 11 + 7*t - 2*t**2 - 5*t**2 + t**2. What is m(f)?
-7
Let z(n) = -7*n + 27. Let b(m) = -12*m + 47. Let v(k) = -3*b(k) + 5*z(k). Give v(1).
-5
Let b(o) be the second derivative of -o**5/120 - 5*o**4/24 - 20*o**3/3 - 15*o. Let g(s) be the second derivative of b(s). Give g(-7).
2
Let d(x) = 0 + 4*x - 1 + 2*x - 4. Let c be 7 - 135/40 - 6/(-16). Calculate d(c).
19
Let d(s) be the third derivative of -s**6/120 - s**5/30 + s**4/24 + s**3/6 - 3*s**2. Let n be d(1). Let z(k) = -k - 1. What is z(n)?
0
Let q be (-4)/(-3)*6/4. Suppose -6 - 2 = -q*j. Suppose -f = -3*f - j. Let c(k) = -3*k - 3. Give c(f).
3
Let r(g) = 20*g + 39. Let u(o) be the third derivative of 0 - 3*o**2 + 0*o + 7/24*o**4 + 13/6*o**3. Let j(x) = 6*r(x) - 17*u(x). Determine j(-7).
6
Let q(u) = u**2 + 6*u - 7. Let k(x) = 7*x**2 - 6*x - 25. Let l be k(-3). Let i be 14/l + 29/(-4). What is q(i)?
0
Let o be 4/20*((-1)/(-4))/1. Let g(j) be the second derivative of -j**2 + 0 + 5*j + o*j**5 + 1/12*j**4 - 1/6*j**3. Determine g(0).
-2
Let v(m) = -22*m - 98. Let y be v(-5). Let i(d) = -d + 8. Give i(y).
-4
Let b(t) = -t**3 + t